{"id":75,"date":"2021-05-31T08:44:16","date_gmt":"2021-05-31T08:44:16","guid":{"rendered":"https:\/\/jukola.street-o.fi\/?page_id=75"},"modified":"2021-06-18T14:13:22","modified_gmt":"2021-06-18T14:13:22","slug":"ohjeet-turku","status":"publish","type":"page","link":"https:\/\/jukola.street-o.fi\/?page_id=75","title":{"rendered":"Ohjeet, Turku"},"content":{"rendered":"\n<p><strong>Yleisohjeet<\/strong> (p\u00e4ivitetty 18.6. klo 17:15)<\/p>\n\n\n\n<p>Tapahtuma-aika: 19.6.2021 klo 12-18. L\u00e4hd\u00f6t vapaasti klo 12-17:30.<\/p>\n\n\n\n<p>Tapahtumakeskus: Brahenpuisto, Tuomiokirkontori 1<\/p>\n\n\n\n<figure class=\"wp-block-image size-large\"><img loading=\"lazy\" width=\"1014\" height=\"644\" src=\"https:\/\/jukola.street-o.fi\/wp-content\/uploads\/2021\/06\/keskus.png\" alt=\"\" class=\"wp-image-201\" srcset=\"https:\/\/jukola.street-o.fi\/wp-content\/uploads\/2021\/06\/keskus.png 1014w, https:\/\/jukola.street-o.fi\/wp-content\/uploads\/2021\/06\/keskus-300x191.png 300w, https:\/\/jukola.street-o.fi\/wp-content\/uploads\/2021\/06\/keskus-768x488.png 768w\" sizes=\"(max-width: 1014px) 100vw, 1014px\" \/><\/figure>\n\n\n\n<p>Jukola Street-O on pistesuunnistus, jossa tarkoituksena on ker\u00e4t\u00e4 tavoiteajan puitteissa mahdollisimman paljon pisteit\u00e4. Leimaus tapahtuu vastaamalla kartan takana olevaan kysymykseen, joka liittyy rastipisteen yksityiskohtaan, esim. \u201dPorrask\u00e4yt\u00e4v\u00e4n numero?\u201d. Rastipisteell\u00e4 ei ole rastilippua, ellei kysymyksess\u00e4 ole sit\u00e4 erikseen mainittu.<\/p>\n\n\n\n<figure class=\"wp-block-image size-large\"><img loading=\"lazy\" width=\"1024\" height=\"1024\" src=\"https:\/\/jukola.street-o.fi\/wp-content\/uploads\/2021\/05\/DSC2109-TAPAHTUMAPAIKKA-OHJEET-BRAHENPUISTO-1024x1024.jpg\" alt=\"\" class=\"wp-image-76\" srcset=\"https:\/\/jukola.street-o.fi\/wp-content\/uploads\/2021\/05\/DSC2109-TAPAHTUMAPAIKKA-OHJEET-BRAHENPUISTO-1024x1024.jpg 1024w, https:\/\/jukola.street-o.fi\/wp-content\/uploads\/2021\/05\/DSC2109-TAPAHTUMAPAIKKA-OHJEET-BRAHENPUISTO-300x300.jpg 300w, https:\/\/jukola.street-o.fi\/wp-content\/uploads\/2021\/05\/DSC2109-TAPAHTUMAPAIKKA-OHJEET-BRAHENPUISTO-150x150.jpg 150w, https:\/\/jukola.street-o.fi\/wp-content\/uploads\/2021\/05\/DSC2109-TAPAHTUMAPAIKKA-OHJEET-BRAHENPUISTO-768x768.jpg 768w, https:\/\/jukola.street-o.fi\/wp-content\/uploads\/2021\/05\/DSC2109-TAPAHTUMAPAIKKA-OHJEET-BRAHENPUISTO-1536x1536.jpg 1536w, https:\/\/jukola.street-o.fi\/wp-content\/uploads\/2021\/05\/DSC2109-TAPAHTUMAPAIKKA-OHJEET-BRAHENPUISTO-1568x1568.jpg 1568w, https:\/\/jukola.street-o.fi\/wp-content\/uploads\/2021\/05\/DSC2109-TAPAHTUMAPAIKKA-OHJEET-BRAHENPUISTO.jpg 1920w\" sizes=\"(max-width: 1024px) 100vw, 1024px\" \/><figcaption>L\u00e4ht\u00f6 on Brahenpuistossa, jonka j\u00e4lkeen reitit hajaantuvat eri puolille kaupunkia.<\/figcaption><\/figure>\n\n\n\n<p><strong>Rastit, pisteet ja tulospalvelu<\/strong><\/p>\n\n\n\n<p>Karttaan on merkitty 30 rastia ja ne kerrytt\u00e4v\u00e4t pisteit\u00e4&nbsp;<strong>rastikoodin ensimm\u00e4isen numeron mukaan<\/strong>: 11-16 = 10 pist., 21-26 = 20 pist. &#8230; 51-56 = 50 pist. Suoritusajan ylityksest\u00e4 kertyy sakkoa 1 piste \/ alkava 3 sekuntia. Aika otetaan omalla kellolla. Suorituksen j\u00e4lkeen osallistuja sy\u00f6tt\u00e4\u00e4 vastauksensa nettilomakkeeseen mobiililaitteella tai tietokoneella tapahtumap\u00e4iv\u00e4n iltana klo 22 menness\u00e4. Nettilomake l\u00f6ytyy osoitteesta <a href=\"https:\/\/www.tume.fi\/street-o\/kalenteri\">https:\/\/www.tume.fi\/street-o\/kalenteri<\/a>. Vastaukset annetaan niiden rastien osalta miss\u00e4 on k\u00e4ynyt. Loput rastit j\u00e4tet\u00e4\u00e4n tyhj\u00e4ksi. Mik\u00e4li olet joukkueen j\u00e4sen, kirjaa lomakkeelle my\u00f6s joukkueen nimi.<\/p>\n\n\n\n<p><strong>Ratavaihtoehdot<\/strong><\/p>\n\n\n\n<p>Jukola Street-O sis\u00e4lt\u00e4\u00e4 seitsem\u00e4n eri ratavaihtoehtoa, joiden suoritusaika vaihtelee ratakohtaisesti 45 minuutin ja 75 minuutin v\u00e4lill\u00e4. Radat kulkevat p\u00e4\u00e4osin eri alueilla. Ratakuvaukset ja niiden suoritusajat l\u00f6ytyv\u00e4t osoitteesta&nbsp;<a href=\"https:\/\/jukola.street-o.fi\/?page_id=28\"><strong>https:\/\/jukola.street-o.fi\/?page_id=28<\/strong><\/a>. Ratavaihtoehdosta riippumatta maksimipisteet ovat kullakin radalla samat.<\/p>\n\n\n\n<p>Mik\u00e4li tulet yksin, voit valita mink\u00e4 tahansa radan ja l\u00e4hte\u00e4 suunnistamaan. Nelj\u00e4n hengen joukkuesuoritukseen kuuluu vapaavalintaisesti yksi 75 minuutin ratavaihtoehto, kaksi 1 tunnin rataa ja yksi 45 minuutin rata. Seitsem\u00e4n hengen joukkueessa jokainen joukkueen j\u00e4sen juoksee yhden radan, jolloin kaikki ratavaihtoehdot tulevat k\u00e4ytt\u00f6\u00f6n. Kartat saa tapahtumakeskuksesta n\u00e4ytt\u00e4m\u00e4ll\u00e4 tositetta ilmoittautumismaksusta.<\/p>\n\n\n\n<figure class=\"wp-block-image size-large\"><img loading=\"lazy\" width=\"1024\" height=\"1024\" src=\"https:\/\/jukola.street-o.fi\/wp-content\/uploads\/2021\/06\/OHJEET-PUISTO-2-1024x1024.jpg\" alt=\"\" class=\"wp-image-144\" srcset=\"https:\/\/jukola.street-o.fi\/wp-content\/uploads\/2021\/06\/OHJEET-PUISTO-2-1024x1024.jpg 1024w, https:\/\/jukola.street-o.fi\/wp-content\/uploads\/2021\/06\/OHJEET-PUISTO-2-300x300.jpg 300w, https:\/\/jukola.street-o.fi\/wp-content\/uploads\/2021\/06\/OHJEET-PUISTO-2-150x150.jpg 150w, https:\/\/jukola.street-o.fi\/wp-content\/uploads\/2021\/06\/OHJEET-PUISTO-2-768x768.jpg 768w, https:\/\/jukola.street-o.fi\/wp-content\/uploads\/2021\/06\/OHJEET-PUISTO-2-1536x1536.jpg 1536w, https:\/\/jukola.street-o.fi\/wp-content\/uploads\/2021\/06\/OHJEET-PUISTO-2-1568x1568.jpg 1568w, https:\/\/jukola.street-o.fi\/wp-content\/uploads\/2021\/06\/OHJEET-PUISTO-2.jpg 1920w\" sizes=\"(max-width: 1024px) 100vw, 1024px\" \/><figcaption>Street-O:ssa pisteit\u00e4 ker\u00e4t\u00e4\u00e4n vastaamalla rasteihin liittyviin kysymyksiin.<\/figcaption><\/figure>\n\n\n\n<p><strong>Ilmoittautuminen ja ilmoittautumismaksut<\/strong><\/p>\n\n\n\n<p>Suosittelemme lunastamaan osallistumisoikeuden etuk\u00e4teen: <\/p>\n\n\n\n<p>1) ostamalla lippu osoitteesta <a href=\"https:\/\/payhip.com\/StreetO\/collection\/turku-jukola\"><strong>https:\/\/payhip.com\/StreetO\/collection\/turku-jukola<\/strong><\/a><\/p>\n\n\n\n<p>2) maksamalla maksu tilisiirtona:<\/p>\n\n\n\n<p>Saaja: Oy Street-O Ab<\/p>\n\n\n\n<p>Tilinumero: FI05 1691 3000 0192 95<\/p>\n\n\n\n<p>Lis\u00e4tiedot\/viesti kohtaan: Jukola Street-O Turku<\/p>\n\n\n\n<p>3) muilla k\u00e4yt\u00f6ss\u00e4 olevilla maksuvaihtoehdoilla (e-Passi-mobiili, Virike-mobiili ja SmartumPay)<\/p>\n\n\n\n<p>Saaja: Oy Street-O Ab<\/p>\n\n\n\n<p>Maksaminen my\u00f6s paikan p\u00e4\u00e4ll\u00e4 mahdollista.<\/p>\n\n\n\n<p>Maksut:<\/p>\n\n\n\n<div class=\"wp-container-2 wp-block-group\"><div class=\"wp-block-group__inner-container\">\n<div class=\"wp-container-1 wp-block-group\"><div class=\"wp-block-group__inner-container\">\n<p>1 hl\u00f6 = 8\u20ac<\/p>\n\n\n\n<p>4 hl\u00f6 joukkue = 28\u20ac<\/p>\n\n\n\n<p>7 hl\u00f6 joukkue 42\u20ac<\/p>\n<\/div><\/div>\n<\/div><\/div>\n\n\n\n<p><strong>Ehdottomia s\u00e4\u00e4nt\u00f6j\u00e4:<\/strong><\/p>\n\n\n\n<ul><li>Jokainen osallistuu omalla vastuullaan.<\/li><li>Liikennes\u00e4\u00e4nt\u00f6j\u00e4 on noudatettava!<\/li><li>Huomioi karttaan merkityt kielletyt alueet.<\/li><li>Kiellettyjen teiden ylitykset vain merkityist\u00e4 kohdista.<\/li><li>Tonttimaille meno on ehdottomasti kielletty. Vaikka rastin osoittava piste olisi tonttimaan sis\u00e4ll\u00e4, n\u00e4kee vastauksen kadulta.<\/li><li>Kerros- ja rivitalojen nurmikoilla kulkeminen kielletty, vaikka niit\u00e4 ei olisi erikseen merkitty kielletyksi karttaan.<\/li><li>Huomioi muut kulkijat ja toiset osallistujat, t\u00f6rm\u00e4ysvaara, katse yl\u00f6s kartasta!<\/li><li>Muistathan, ettet voi osallistua, mik\u00e4li sinulla on flunssaoireita, olet karanteenissa tai koronavilkku on reagoinut.<\/li><\/ul>\n","protected":false},"excerpt":{"rendered":"<p>Yleisohjeet (p\u00e4ivitetty 18.6. klo 17:15) Tapahtuma-aika: 19.6.2021 klo 12-18. L\u00e4hd\u00f6t vapaasti klo 12-17:30. Tapahtumakeskus: Brahenpuisto, Tuomiokirkontori 1 Jukola Street-O on pistesuunnistus, jossa tarkoituksena on ker\u00e4t\u00e4 tavoiteajan puitteissa mahdollisimman paljon pisteit\u00e4. Leimaus tapahtuu vastaamalla kartan takana olevaan kysymykseen, joka liittyy rastipisteen yksityiskohtaan, esim. \u201dPorrask\u00e4yt\u00e4v\u00e4n numero?\u201d. Rastipisteell\u00e4 ei ole rastilippua, ellei kysymyksess\u00e4 ole sit\u00e4 erikseen mainittu. Rastit,&hellip; <a class=\"more-link\" href=\"https:\/\/jukola.street-o.fi\/?page_id=75\">Jatka lukemista <span class=\"screen-reader-text\">Ohjeet, Turku<\/span><\/a><\/p>\n","protected":false},"author":2,"featured_media":0,"parent":2,"menu_order":3,"comment_status":"closed","ping_status":"closed","template":"","meta":[],"_links":{"self":[{"href":"https:\/\/jukola.street-o.fi\/index.php?rest_route=\/wp\/v2\/pages\/75"}],"collection":[{"href":"https:\/\/jukola.street-o.fi\/index.php?rest_route=\/wp\/v2\/pages"}],"about":[{"href":"https:\/\/jukola.street-o.fi\/index.php?rest_route=\/wp\/v2\/types\/page"}],"author":[{"embeddable":true,"href":"https:\/\/jukola.street-o.fi\/index.php?rest_route=\/wp\/v2\/users\/2"}],"replies":[{"embeddable":true,"href":"https:\/\/jukola.street-o.fi\/index.php?rest_route=%2Fwp%2Fv2%2Fcomments&post=75"}],"version-history":[{"count":12,"href":"https:\/\/jukola.street-o.fi\/index.php?rest_route=\/wp\/v2\/pages\/75\/revisions"}],"predecessor-version":[{"id":203,"href":"https:\/\/jukola.street-o.fi\/index.php?rest_route=\/wp\/v2\/pages\/75\/revisions\/203"}],"up":[{"embeddable":true,"href":"https:\/\/jukola.street-o.fi\/index.php?rest_route=\/wp\/v2\/pages\/2"}],"wp:attachment":[{"href":"https:\/\/jukola.street-o.fi\/index.php?rest_route=%2Fwp%2Fv2%2Fmedia&parent=75"}],"curies":[{"name":"wp","href":"https:\/\/api.w.org\/{rel}","templated":true}]}}