{"id":95,"date":"2021-05-31T21:25:59","date_gmt":"2021-05-31T21:25:59","guid":{"rendered":"https:\/\/jukola.street-o.fi\/?page_id=95"},"modified":"2021-06-03T11:29:47","modified_gmt":"2021-06-03T11:29:47","slug":"partioyhteistyo","status":"publish","type":"page","link":"https:\/\/jukola.street-o.fi\/?page_id=95","title":{"rendered":"Yhteisty\u00f6 partiolaisille"},"content":{"rendered":"\n<p>L\u00e4hde mukaan myym\u00e4\u00e4n vuoden 2021 osallistumisia <strong>p\u00e4\u00e4kaupunkiseudun<\/strong> Street-O -tapahtumiin! Nyt kaikilla rekister\u00f6idyill\u00e4 partiolippukunnilla on mahdollisuus ker\u00e4t\u00e4 varoja myym\u00e4ll\u00e4 <strong>p\u00e4\u00e4kaupunkiseudun<\/strong> Street-O -tapahtumien osallistumismaksuja 50\/50-kumppanuussopimuksella. <\/p>\n\n\n\n<p>Jokainen myyty <strong>p\u00e4\u00e4kaupunkiseudun<\/strong> osallistumismaksu tuottaa lippukunnan kassaan puolet (50%) lipun hinnasta. Kumppanuussopimuksessa lippukuntien teht\u00e4v\u00e4n\u00e4 on ainoastaan lippujen myynti. Kaikki muut ty\u00f6t, kuten tapahtumien suunnittelu ja toteutus sek\u00e4 verkkokaupan (ml. tilitykset lippukunnilla) on partiotaustaisen Oy Street-O Ab vastuulla. <\/p>\n\n\n\n<p>Lippukunta ei sitoudu kumppanuussopimukseen l\u00e4htem\u00e4ll\u00e4 mihink\u00e4\u00e4n, mutta osallistumisia saa myyd\u00e4 niin paljon kuin haluaa. T\u00e4m\u00e4 mahdollisuus kannattaa k\u00e4ytt\u00e4\u00e4 hyv\u00e4ksi!<\/p>\n\n\n\n<p><strong>P\u00e4\u00e4kaupunkiseudun tapahtumat:<\/strong><\/p>\n\n\n\n<p><strong>Street-O -viikkotapahtumat<\/strong> p\u00e4\u00e4kaupunkiseudulla elo-joulukuun 2021 aikana noin 20 kpl<\/p>\n\n\n\n<p><strong>Jukola Street-O 19.6.2021 p\u00e4iv\u00e4ll\u00e4 Helsingiss\u00e4.<\/strong> Jukola Street-O -kaupunkisuunnistustapahtuma j\u00e4rjestet\u00e4\u00e4n porrastetusti yhten\u00e4 p\u00e4iv\u00e4n\u00e4 seitsem\u00e4n\u00e4 itsen\u00e4isen\u00e4 suunnistustapahtumana. Jukola Street-O -tapahtumaan voi osallistua seitsem\u00e4n hengen joukkueena sek\u00e4 yksin tai pienemm\u00e4ss\u00e4 porukassa.<\/p>\n\n\n\n<p><strong>Miten lippukuntamme voi osallistua mukaan Street-O -tapahtumien myyntiin?<\/strong><\/p>\n\n\n\n<p>1. Lippukunnan nimenkirjoitusoikeuden haltija l\u00e4hett\u00e4\u00e4 s\u00e4hk\u00f6postin osoitteeseen <a href=\"mailto:asiakaspalvelu@street-o.fi\" target=\"_blank\" rel=\"noreferrer noopener\">asiakaspalvelu@street-o.fi<\/a><\/p>\n\n\n\n<p>2. Kirjoita otsikkokentt\u00e4\u00e4n \u201dStreet-O \u2013kumppanuussopimus\u201d. <\/p>\n\n\n\n<p>3. Kirjoita viestikentt\u00e4\u00e4n:Esimerkki lippukunta ry haluaa tehd\u00e4 myyntisopimuksen Street-O:n kanssa. Ry:n tilinumero on FIXX XXXX XXXX XXXX XX. Yhteyshenkil\u00f6n\u00e4 toimii Mikko Mallikas (Puh. 040 &#8211; 000 0000, Email: mikko.mallikas@partio.fi). Terveisin Nimenkirjoitusoikeuden Haltija. Puh. XXX\u2013 XXX XXXX, Email: abc@abc.fi\u201d <\/p>\n\n\n\n<p>4. Vastauksena Street-O l\u00e4hett\u00e4\u00e4 lippukunnan oman koodin verkkokauppaan, joka ostotapahtuman yhteydess\u00e4 asetetaan kuponkikentt\u00e4\u00e4n verkkokaupassa. T\u00e4ll\u00f6in ostetun tuotteen hinnasta puolet ohjautuvat automaattisesti lippukunnan tilille.<\/p>\n\n\n\n<p><strong>Street-O -hinnasto:<\/strong><\/p>\n\n\n\n<ul><li>Kausikortti, koko syksy 120 \u20ac<\/li><li>Sarjalippu, 10 kertaa 70 \u20ac<\/li><li>Kertalippu 8 \u20ac<\/li><\/ul>\n\n\n\n<p><strong>Jukola Street-O -hinnasto:<\/strong><\/p>\n\n\n\n<ul><li>Joukkue, 7 hl\u00f6 42 \u20ac<\/li><li>Joukkue, 4 hl\u00f6 28 \u20ac<\/li><li>Kertalippu 8 \u20ac<\/li><\/ul>\n\n\n\n<p>Street-O -tapahtumia j\u00e4rjestet\u00e4\u00e4n normaalisti viikoittain ymp\u00e4ri p\u00e4\u00e4kaupunkiseutua ja muualla Suomessa. Tapahtumien tuotot ohjataan 100% partioty\u00f6n tukemiseen.<\/p>\n\n\n\n<p><strong>Lis\u00e4tiedot: Street-O Helsinki, Jerry Aunula, puh. 050 521 6420<\/strong><\/p>\n","protected":false},"excerpt":{"rendered":"<p>L\u00e4hde mukaan myym\u00e4\u00e4n vuoden 2021 osallistumisia p\u00e4\u00e4kaupunkiseudun Street-O -tapahtumiin! Nyt kaikilla rekister\u00f6idyill\u00e4 partiolippukunnilla on mahdollisuus ker\u00e4t\u00e4 varoja myym\u00e4ll\u00e4 p\u00e4\u00e4kaupunkiseudun Street-O -tapahtumien osallistumismaksuja 50\/50-kumppanuussopimuksella. Jokainen myyty p\u00e4\u00e4kaupunkiseudun osallistumismaksu tuottaa lippukunnan kassaan puolet (50%) lipun hinnasta. Kumppanuussopimuksessa lippukuntien teht\u00e4v\u00e4n\u00e4 on ainoastaan lippujen myynti. Kaikki muut ty\u00f6t, kuten tapahtumien suunnittelu ja toteutus sek\u00e4 verkkokaupan (ml. tilitykset lippukunnilla) on&hellip; <a class=\"more-link\" href=\"https:\/\/jukola.street-o.fi\/?page_id=95\">Jatka lukemista <span class=\"screen-reader-text\">Yhteisty\u00f6 partiolaisille<\/span><\/a><\/p>\n","protected":false},"author":2,"featured_media":114,"parent":2,"menu_order":4,"comment_status":"closed","ping_status":"closed","template":"","meta":[],"_links":{"self":[{"href":"https:\/\/jukola.street-o.fi\/index.php?rest_route=\/wp\/v2\/pages\/95"}],"collection":[{"href":"https:\/\/jukola.street-o.fi\/index.php?rest_route=\/wp\/v2\/pages"}],"about":[{"href":"https:\/\/jukola.street-o.fi\/index.php?rest_route=\/wp\/v2\/types\/page"}],"author":[{"embeddable":true,"href":"https:\/\/jukola.street-o.fi\/index.php?rest_route=\/wp\/v2\/users\/2"}],"replies":[{"embeddable":true,"href":"https:\/\/jukola.street-o.fi\/index.php?rest_route=%2Fwp%2Fv2%2Fcomments&post=95"}],"version-history":[{"count":13,"href":"https:\/\/jukola.street-o.fi\/index.php?rest_route=\/wp\/v2\/pages\/95\/revisions"}],"predecessor-version":[{"id":112,"href":"https:\/\/jukola.street-o.fi\/index.php?rest_route=\/wp\/v2\/pages\/95\/revisions\/112"}],"up":[{"embeddable":true,"href":"https:\/\/jukola.street-o.fi\/index.php?rest_route=\/wp\/v2\/pages\/2"}],"wp:featuredmedia":[{"embeddable":true,"href":"https:\/\/jukola.street-o.fi\/index.php?rest_route=\/wp\/v2\/media\/114"}],"wp:attachment":[{"href":"https:\/\/jukola.street-o.fi\/index.php?rest_route=%2Fwp%2Fv2%2Fmedia&parent=95"}],"curies":[{"name":"wp","href":"https:\/\/api.w.org\/{rel}","templated":true}]}}